7
Let c(a) = 201*a + 4821. What is c(-24)?
-3
Let l(i) = -i**2 - 12*i - 5. Calculate l(-15).
-50
Let u(x) = -x**2 + 89*x + 1831. What is u(-17)?
29
Let t(b) = -b**2 + 521*b - 6121. Determine t(12).
-13
Let s(x) = 133*x**2 + 15*x + 18. Calculate s(-1).
136
Let f(z) = z**3 - 31*z**2 + 31*z + 14. Determine f(30).
44
Let d(v) = -v**3 + 80*v**2 + 245*v + 347. Give d(83).
15
Let r(f) = -53*f**2 + 45*f - 88. Determine r(2).
-210
Let z(m) = m**3 - 60*m**2 - 404*m + 527. What is z(66)?
-1
Let o(l) = l**3 - 46*l**2 + 527*l + 38. What is o(24)?
14
Let d(q) = -12*q**3 + 41*q + 40. Calculate d(-1).
11
Let b(q) = q**3 - 48*q**2 + 378*q + 84. Determine b(38).
8
Let t(q) = -8*q**2 + 197*q + 72. Give t(25).
-3
Let q(r) = 10*r**2 + 23*r - 37. Calculate q(0).
-37
Let x(i) = -i**2 + 7024*i + 21073. Calculate x(-3).
-8
Let i(m) = 2*m**3 - 51*m**2 + 48*m - 561. What is i(25)?
14
Let j(u) = u**3 + 34*u**2 + 169*u - 78. Determine j(-28).
-106
Let a(n) = 2082*n - 27103. Calculate a(13).
-37
Let y(k) = -57*k - 5016. Determine y(-88).
0
Let s(n) = -3*n**3 + n**2 + 52*n - 26. Calculate s(4).
6
Let o(h) = 3*h**2 + 71*h - 126. Give o(-33).
798
Let b(m) = m**3 + 66*m**2 - 203*m - 137. Give b(-69).
-413
Let s(a) = -95*a + 4736. Determine s(47).
271
Let k(q) = -9*q**2 + 282*q - 66. Calculate k(31).
27
Let y(a) = -2*a + 104. What is y(32)?
40
Let g(u) = 4*u**2 - 36*u + 86. Give g(5).
6
Let s(k) = k**3 + 6*k**2 - 8*k - 35. Give s(-6).
13
Let m(j) = -4*j**2 + 294*j + 294. Calculate m(-1).
-4
Let o(i) = i**3 - 77*i**2 + 506*i - 1109. Give o(70).
11
Let k(f) = 105*f + 764. What is k(-5)?
239
Let h(p) = -p**2 + 62*p - 606. Determine h(12).
-6
Let d(l) = -2*l**2 + 46*l - 102. Calculate d(22).
-58
Let o(w) = 2*w**2 - 35*w - 157. What is o(21)?
-10
Let n(p) = 117*p + 1093. What is n(-9)?
40
Let h(s) = -18*s**2 + 756*s - 62. Calculate h(42).
-62
Let p(b) = -29*b + 607. Determine p(20).
27
Let y(t) = 6*t**3 - 6*t**2 - 68*t - 209. Give y(-3).
-221
Let z(g) = -2*g**3 + 32*g**2 - 12*g - 276. Calculate z(15).
-6
Let f(u) = -12*u**3 + 12*u**2 - u + 13. What is f(4)?
-567
Let o(w) = w**3 - 14*w**2 - 39*w - 74. Calculate o(17).
130
Let q(h) = 2*h**3 + 34*h**2 + 44*h + 166. Give q(-16).
-26
Let n(f) = -f**2 + 3*f + 114. Calculate n(11).
26
Let x(c) = -12*c**2 - 110*c - 18. What is x(-9)?
0
Let s(j) = -j**3 + 24*j**2 - 63*j - 18. Determine s(21).
-18
Let u(j) = j**3 - 28*j**2 - 32*j + 152. Give u(29).
65
Let b(r) = r**2 - 169*r + 5872. Give b(49).
-8
Let h(l) = 419*l - 864. Give h(2).
-26
Let o(i) = -2*i + 343. Calculate o(23).
297
Let u(j) = -j**3 + 32*j**2 + 30*j + 103. Give u(33).
4
Let d(n) = -5*n**3 - 30*n**2 + 70*n - 87. Calculate d(-8).
-7
Let f(u) = -51*u + 289. Give f(5).
34
Let i(f) = -23*f**2 - 214*f - 5. Give i(-10).
-165
Let n(r) = 5*r + 5. What is n(14)?
75
Let n(s) = -217*s**2 + 1299*s + 3. Calculate n(6).
-15
Let p(t) = t**3 + 11*t**2 - 14*t + 4. What is p(-11)?
158
Let g(m) = 52*m - 1259. Calculate g(24).
-11
Let n(s) = 6*s**3 - 1271*s**2 - 1481*s - 2130. Determine n(213).
0
Let r(x) = -x**2 + 77*x - 448. Calculate r(73).
-156
Let y(i) = -4*i**2 - 382*i - 206. Give y(-95).
-16
Let s(j) = j**3 + 14*j**2 + 14*j + 154. Give s(-14).
-42
Let d(o) = 764*o - 2381. What is d(3)?
-89
Let d(c) = -65*c - 1443. Give d(-20).
-143
Let g(k) = k**2 + 11*k - 35. Determine g(-13).
-9
Let v(q) = 26*q**2 + 22*q - 5. Give v(-2).
55
Let a(f) = -12*f + 19. Give a(5).
-41
Let g(h) = -2*h**2 - 54*h + 474. Give g(-34).
-2
Let n(l) = -l**2 + 148*l + 1920. What is n(-12)?
0
Let n(m) = 58*m + 2140. Give n(-37).
-6
Let z(a) = a**3 - 14*a**2 - a + 29. What is z(14)?
15
Let r(y) = 89*y**2 + 4360*y - 39. Calculate r(-49).
10
Let b(h) = -374*h + 1868. Determine b(5).
-2
Let f(o) = 4*o**3 + 99*o**2 - 20*o + 131. Give f(-25).
6
Let c(b) = -1628*b - 61871. What is c(-38)?
-7
Let z(h) = -42*h - 137. Calculate z(-4).
31
Let n(r) = -24*r**2 - 467*r + 256. Give n(-20).
-4
Let w(g) = 2*g**3 + 96*g**2 - 109*g - 556. What is w(-49)?
-17
Let r(h) = 3789*h - 3789. Give r(1).
0
Let n(r) = 3*r**2 + r - 34. What is n(-3)?
-10
Let x(a) = -5*a + 219. What is x(29)?
74
Let q(n) = 4*n**3 - 14*n**2 + 9*n + 4. Determine q(6).
418
Let o(x) = 2*x**3 + 7*x**2 - 82*x - 5. Calculate o(-9).
-158
Let t(j) = -199*j + 241. What is t(1)?
42
Let k(c) = 140*c + 1591. What is k(-12)?
-89
Let p(q) = -q**3 + 76*q**2 - 289*q - 53. Give p(72).
-125
Let g(y) = 2*y**2 - 16*y + 9. Calculate g(5).
-21
Let o(n) = 2832*n + 19836. Determine o(-7).
12
Let y(a) = a**2 - 105*a + 692. Determine y(98).
6
Let b(x) = 53*x**2 - 420*x + 335. What is b(7)?
-8
Let m(i) = 133*i - 3892. What is m(29)?
-35
Let d(w) = -w**3 - 7*w**2 + 25*w - 3. What is d(4)?
-79
Let s(h) = -h**3 - 65*h**2 - 112*h + 879. Give s(-63).
-3
Let b(c) = 437*c**3 - 442*c**2 + 10*c + 1. What is b(1)?
6
Let q(n) = -2*n**3 + 27*n**2 - 23*n + 495. What is q(14)?
-23
Let m(c) = -1550*c - 9269. What is m(-6)?
31
Let i(k) = -1777*k - 111931. What is i(-63)?
20
Let h(p) = 7*p**2 + 31*p + 2. Determine h(-6).
68
Let s(f) = -40*f**2 + 240*f - 10. Give s(6).
-10
Let k(r) = -2*r**3 + 94*r**2 - 18*r + 846. Determine k(47).
0
Let s(o) = 39*o**3 - o - 39. What is s(0)?
-39
Let z(k) = 2*k**3 + 10*k**2 - 31*k - 23. What is z(-8)?
-159
Let x(w) = 3*w**2 - 87*w + 844. Determine x(12).
232
Let s(f) = -9*f**3 - 16*f**2 - 50*f + 4. Calculate s(-3).
253
Let m(f) = 1127*f - 3373. What is m(3)?
8
Let n(u) = 39*u + 906. Determine n(-30).
-264
Let p(c) = -214*c**2 + 1283*c + 4. Determine p(6).
-2
Let b(p) = 2*p**2 - 63*p + 45. Give b(30).
-45
Let d(i) = -4*i**3 - 84*i**2 - 19*i - 393. Calculate d(-21).
6
Let s(a) = 258*a - 26330. Calculate s(102).
-14
Let y(x) = -x**3 + 77*x**2 - 151*x + 78. Calculate y(75).
3
Let d(n) = 65*n - 1096. Determine d(17).
9
Let d(q) = 266*q - 4910. Calculate d(19).
144
Let k(n) = 9*n**2 - 5*n - 5. Give k(2).
21
Let q(u) = 17*u**2 - 14*u - 2. Calculate q(1).
1
Let l(p) = -p**3 - 10*p**2 - 29*p - 169. Determine l(-9).
11
Let a(i) = -3*i**3 + 239*i**2 + 84*i - 340. Determine a(80).
-20
Let k(t) = -3*t**2 - 83*t - 13. Give k(-10).
517
Let p(w) = -1738*w + 118. Determine p(0).
118
Let l(d) = 306*d - 4015. Give l(14).
269
Let m(u) = 3*u**3 + 89*u**2 - 31*u + 34. Determine m(-30).
64
Let q(x) = 11*x**2 + 153*x - 6. What is q(-13)?
-136
Let k(v) = -437*v + 3522. What is k(8)?
26
Let q(a) = -a**3 - 21*a**2 + 72*a + 3. What is q(-24)?
3
Let q(d) = -3*d**2 + 456*d + 441. Determine q(153).
-18
Let u(n) = -2*n**3 - 44*n**2 - 44*n - 11. Give u(-21).
31
Let m(n) = 19*n - 31. Determine m(4).
45
Let z(o) = -o**2 - 73*o + 788. What is z(10)?
-42
Let i(m) = 4*m**3 - 9*m**2 - 14*m - 5. Determine i(5).
200
Let b(h) = -272*h - 273. Calculate b(-1).
-1
Let c(w) = 2*w**3 - 73*w**2 + 44*w - 306. Determine c(36).
-18
Let f(t) = t**2 - 87*t + 974. Give f(13).
12
Let t(v) = 157*v + 321. Determine t(-2).
7
Let t(b) = 4*b - 33. Calculate t(-5).
-53
Let u(d) = -d**3 + 6*d**2 + 10*d + 1. Determine u(10).
-299
Let z(b) = -b**3 - b**2 + b - 43. Give z(-8).
397
Let z(s) = s**3 - 16*s**2 - 49*s + 62. What is z(18)?
-172
Let l(w) = -2*w**3 - 39*w**2 - 161*w + 90. What is l(-13)?
-14
Let o(l) = -l**3 + 34*l**2 - 63*l - 24. What is o(32)?
8
Let x(z) = 34*z - 14. Give x(1).
20
Let f(r) = -3*r - 27. Determine f(-8).
-3
Let a(x) = -68*x**2 + 137*x - 14. Calculate a(2).
-12
Let v(r) = -r**3 - 117*r**2 - 1617*r - 97. Calculate v(-101).
4
Let f(h) = 2*h**3 + 5*h**2 + 82*h + 84. Give f(-1).
5
Let u(q) = 60*q - 540. Determine u(9).
0
Let c(g) = 1266*g - 92415. Calculate c(73).
3
Let t(v) = -149*v + 2068. Give t(14).
-18
Let n(b) = -b**2 + 168*b - 3332. Determine n(145).
3
Let a(y) = -y**3 - 66*y**2 - 232*y + 1011. Determine a(-62).
19
Let b(u) = 4011*u - 32143. Calculate b(8).
-55
Let j(m) = 4*m**2 - 120*m - 699. Determine j(35).
1
Let c(i) = -4*i**2 + 91*i + 732. Give c(29).
7
Let a(g) = -g**3 - 11*g**2 - 8*g + 3. Determine a(-11).
91
Let p(u) = -u**2 + 77*u + 15. Calculate p(77).
15
Let i(q) = 6*q + 125. Determine i(-17).
23
Let i(h) = -2*h**2 - 20*h - 172. Calculate i(-9).
-154
Let p(t) = 285*t - 298. Give p(1).
-13
Let q(t) = -5*t**2 + 234*t + 490. What is q(49)?
-49
Let m(k) = -2*k**2 + 21*k + 1. Determine m(-9).
-350
Let u(x) = -68*x - 595. Give u(-7).
-119
Let o(b) = -3*b**2 + 10*b - 119. What is o(13)?
-496
Let v(i) = 3*i**3 + 